{"id":1398,"date":"2019-01-09T13:46:10","date_gmt":"2019-01-09T12:46:10","guid":{"rendered":"http:\/\/arxiuregnemallorca.com\/?page_id=1398"},"modified":"2024-12-23T22:06:28","modified_gmt":"2024-12-23T21:06:28","slug":"bibliografia","status":"publish","type":"page","link":"https:\/\/arxiuregnemallorca.com\/es\/fons-documentals-introduccio\/bibliografia\/","title":{"rendered":"Bibliograf\u00eda"},"content":{"rendered":"<p>[et_pb_section fb_built=\u00bb1&#8243; disabled_on=\u00bboff|off|off\u00bb admin_label=\u00bbHeader Section\u00bb _builder_version=\u00bb4.16&#8243; use_background_color_gradient=\u00bbon\u00bb background_color_gradient_stops=\u00bbrgba(20,61,88,0.65) 0%|#143d58 100%\u00bb background_color_gradient_overlays_image=\u00bbon\u00bb background_color_gradient_start=\u00bbrgba(20,61,88,0.65)\u00bb background_color_gradient_end=\u00bb#143d58&#8243; background_image=\u00bbhttps:\/\/arxiuregnemallorca.com\/wordpress\/wp-content\/uploads\/slide-01-7ce0f3d3b7.jpg\u00bb custom_margin=\u00bb|||\u00bb custom_padding=\u00bb6vw|0px|6vw|0px\u00bb bottom_divider_style=\u00bbmountains2&#8243; bottom_divider_color=\u00bbrgba(5,41,66,0.3)\u00bb bottom_divider_height=\u00bb20vw\u00bb animation_style=\u00bbslide\u00bb animation_direction=\u00bbtop\u00bb animation_intensity_slide=\u00bb3%\u00bb animation_starting_opacity=\u00bb100%\u00bb global_colors_info=\u00bb{}\u00bb][et_pb_row disabled_on=\u00bboff|off|off\u00bb module_class=\u00bb et_pb_row_fullwidth\u00bb _builder_version=\u00bb4.16&#8243; width=\u00bb89%\u00bb width_tablet=\u00bb80%\u00bb width_last_edited=\u00bbon|desktop\u00bb max_width=\u00bb89%\u00bb max_width_tablet=\u00bb80%\u00bb max_width_last_edited=\u00bbon|desktop\u00bb custom_padding=\u00bb|||\u00bb make_fullwidth=\u00bbon\u00bb global_colors_info=\u00bb{}\u00bb width_phone=\u00bb80%\u00bb max_width_phone=\u00bb80%\u00bb][et_pb_column type=\u00bb4_4&#8243; _builder_version=\u00bb4.16&#8243; custom_padding=\u00bb|||\u00bb global_colors_info=\u00bb{}\u00bb custom_padding__hover=\u00bb|||\u00bb][et_pb_text disabled_on=\u00bboff|off|off\u00bb _builder_version=\u00bb4.16&#8243; text_font=\u00bbMontserrat||||||||\u00bb text_font_size=\u00bb22px\u00bb text_line_height=\u00bb1.8em\u00bb header_font=\u00bbMontserrat|600||on|||||\u00bb header_text_align=\u00bbcenter\u00bb header_font_size=\u00bb8vw\u00bb header_line_height=\u00bb1.5em\u00bb text_orientation=\u00bbcenter\u00bb background_layout=\u00bbdark\u00bb custom_margin=\u00bb|||\u00bb header_font_size_tablet=\u00bb50px\u00bb header_font_size_phone=\u00bb\u00bb header_font_size_last_edited=\u00bbon|desktop\u00bb header_line_height_tablet=\u00bb1.1em\u00bb header_line_height_phone=\u00bb1.2em\u00bb header_line_height_last_edited=\u00bboff|desktop\u00bb global_colors_info=\u00bb{}\u00bb]<\/p>\n<h1>Fondos Documentales<\/h1>\n<p>[\/et_pb_text][\/et_pb_column][\/et_pb_row][\/et_pb_section][et_pb_section fb_built=\u00bb1&#8243; admin_label=\u00bbCTA Section\u00bb _builder_version=\u00bb4.16&#8243; use_background_color_gradient=\u00bbon\u00bb background_color_gradient_direction=\u00bb90deg\u00bb background_color_gradient_stops=\u00bbrgba(242,246,249,0) 80%|#f2f6f9 80%\u00bb background_color_gradient_start=\u00bbrgba(242,246,249,0)\u00bb background_color_gradient_start_position=\u00bb80%\u00bb background_color_gradient_end=\u00bb#f2f6f9&#8243; background_color_gradient_end_position=\u00bb80%\u00bb custom_padding=\u00bb120px|0px|120px|0px\u00bb animation_style=\u00bbslide\u00bb animation_direction=\u00bbright\u00bb animation_intensity_slide=\u00bb1%\u00bb saved_tabs=\u00bball\u00bb global_colors_info=\u00bb{}\u00bb][et_pb_row use_custom_gutter=\u00bbon\u00bb custom_padding_last_edited=\u00bboff|desktop\u00bb admin_label=\u00bbCTA Row\u00bb _builder_version=\u00bb4.16&#8243; background_color_gradient_direction=\u00bb90deg\u00bb width=\u00bb100%\u00bb max_width=\u00bb100%\u00bb module_alignment=\u00bbcenter\u00bb custom_padding=\u00bb|||\u00bb custom_padding_tablet=\u00bb120px|||\u00bb custom_padding_phone=\u00bb120px|0px|0px|0px\u00bb use_custom_width=\u00bbon\u00bb width_unit=\u00bboff\u00bb custom_width_percent=\u00bb100%\u00bb global_colors_info=\u00bb{}\u00bb column_structure=\u00bb1_2,1_2&#8243;][et_pb_column type=\u00bb1_2&#8243; _builder_version=\u00bb4.16&#8243; custom_padding=\u00bb|||10%\u00bb custom_padding_tablet=\u00bb|10%||10%\u00bb custom_padding_last_edited=\u00bbon|desktop\u00bb global_colors_info=\u00bb{}\u00bb padding_tablet=\u00bb|10%||10%\u00bb padding_last_edited=\u00bbon|desktop\u00bb custom_padding__hover=\u00bb|||\u00bb custom_padding_phone=\u00bb|10%||10%\u00bb padding_phone=\u00bb|10%||10%\u00bb][et_pb_text admin_label=\u00bbTitle\u00bb _builder_version=\u00bb4.16&#8243; header_2_font=\u00bbMontserrat||||||||\u00bb header_2_font_size=\u00bb40px\u00bb header_2_line_height=\u00bb1.5em\u00bb custom_margin=\u00bb|||\u00bb custom_padding=\u00bb|||\u00bb header_2_font_size_tablet=\u00bb35px\u00bb header_2_font_size_phone=\u00bb\u00bb header_2_font_size_last_edited=\u00bbon|phone\u00bb header_2_line_height_tablet=\u00bb1em\u00bb header_2_line_height_phone=\u00bb1.4em\u00bb header_2_line_height_last_edited=\u00bboff|desktop\u00bb global_colors_info=\u00bb{}\u00bb]<\/p>\n<h2>Bibliograf\u00eda.<\/h2>\n<p>[\/et_pb_text][et_pb_text admin_label=\u00bbParagraph\u00bb _builder_version=\u00bb4.16&#8243; text_font=\u00bbMontserrat||||||||\u00bb text_font_size=\u00bb16px\u00bb text_line_height=\u00bb2.2em\u00bb custom_margin=\u00bb|||\u00bb global_colors_info=\u00bb{}\u00bb]<\/p>\n<p>En este apartado encontrar\u00e1:<\/p>\n<p>[\/et_pb_text][et_pb_text admin_label=\u00bbParagraph\u00bb _builder_version=\u00bb4.16&#8243; text_font=\u00bbMontserrat||||||||\u00bb text_font_size=\u00bb16px\u00bb text_line_height=\u00bb2.2em\u00bb custom_margin=\u00bb|||\u00bb global_colors_info=\u00bb{}\u00bb]<\/p>\n<ul>\n<li class=\"uk-text-justify\"><a title=\"La bibliograf\u00eda m\u00e1s destacada que se ha editado sobre los diferentes fondos documentales que custodia el ARM. Las publicaciones que ha editado  \" href=\"https:\/\/arxiuregnemallorca.com\/wordpress\/wp-content\/Documentos\/bibliografia\/bibliografia-ARM.pdf\">La bibliograf\u00eda m\u00e1s destacada que se ha editado sobre los distintos fondos documentales que custodia el ARM.<\/a><\/li>\n<\/ul>\n<p>[\/et_pb_text][et_pb_text admin_label=\u00bbParagraph\u00bb _builder_version=\u00bb4.16&#8243; text_font=\u00bbMontserrat||||||||\u00bb text_font_size=\u00bb16px\u00bb text_line_height=\u00bb2.2em\u00bb custom_margin=\u00bb|||\u00bb global_colors_info=\u00bb{}\u00bb]<\/p>\n<ul>\n<li class=\"uk-text-justify\"><a href=\"https:\/\/arxiuregnemallorca.com\/wordpress\/wp-content\/Documentos\/bibliografia\/bibliografia-publicada-per-l-ARM.pdf\" target=\"_blank\" rel=\"noopener noreferrer\" title=\"Las publicaciones que ha editado el ARM\">Las publicaciones que ha editado el ARM<\/a><\/li>\n<\/ul>\n<p>[\/et_pb_text][et_pb_text admin_label=\u00bbParagraph\u00bb _builder_version=\u00bb4.16&#8243; text_font=\u00bbMontserrat||||||||\u00bb text_font_size=\u00bb16px\u00bb text_line_height=\u00bb2.2em\u00bb custom_margin=\u00bb|||\u00bb global_colors_info=\u00bb{}\u00bb]<\/p>\n<ul>\n<li class=\"uk-text-justify\"><a href=\"https:\/\/arxiuregnemallorca.com\/wordpress\/wp-content\/Documentos\/bibliografia\/GUIA_ARXIU-WEB.pdf\" target=\"_blank\" rel=\"noopener noreferrer\" title=\"Gu\u00eda del Archivo del Reino de Mallorca\">Gu\u00eda del Archivo del Reino de Mallorca<\/a><\/li>\n<\/ul>\n<p>[\/et_pb_text][\/et_pb_column][et_pb_column type=\u00bb1_2&#8243; _builder_version=\u00bb4.16&#8243; custom_padding=\u00bb|||\u00bb global_colors_info=\u00bb{}\u00bb custom_padding__hover=\u00bb|||\u00bb][et_pb_image src=\u00bbhttps:\/\/arxiuregnemallorca.com\/wordpress\/wp-content\/uploads\/bibliografia.jpg\u00bb show_in_lightbox=\u00bbon\u00bb align=\u00bbright\u00bb align_tablet=\u00bbcenter\u00bb align_last_edited=\u00bbon|desktop\u00bb _builder_version=\u00bb4.16&#8243; box_shadow_style=\u00bbpreset3&#8243; box_shadow_horizontal=\u00bb-40px\u00bb box_shadow_vertical=\u00bb40px\u00bb box_shadow_blur=\u00bb80px\u00bb box_shadow_spread=\u00bb-24px\u00bb global_colors_info=\u00bb{}\u00bb align_phone=\u00bbcenter\u00bb]<br \/>\n[\/et_pb_image][\/et_pb_column][\/et_pb_row][\/et_pb_section]<\/p>\n","protected":false},"excerpt":{"rendered":"<p>Fondos Documentales Bibliograf\u00eda.En este apartado encontrar\u00e1: La bibliograf\u00eda m\u00e1s destacada que se ha editado sobre los distintos fondos documentales que custodia el ARM. Las publicaciones que ha editado el ARM Gu\u00eda del Archivo del Reino de Mallorca<\/p>\n","protected":false},"author":1,"featured_media":0,"parent":1392,"menu_order":0,"comment_status":"closed","ping_status":"closed","template":"","meta":{"_et_pb_use_builder":"on","_et_pb_old_content":"","_et_gb_content_width":"","footnotes":""},"class_list":["post-1398","page","type-page","status-publish","hentry"],"_links":{"self":[{"href":"https:\/\/arxiuregnemallorca.com\/es\/wp-json\/wp\/v2\/pages\/1398","targetHints":{"allow":["GET"]}}],"collection":[{"href":"https:\/\/arxiuregnemallorca.com\/es\/wp-json\/wp\/v2\/pages"}],"about":[{"href":"https:\/\/arxiuregnemallorca.com\/es\/wp-json\/wp\/v2\/types\/page"}],"author":[{"embeddable":true,"href":"https:\/\/arxiuregnemallorca.com\/es\/wp-json\/wp\/v2\/users\/1"}],"replies":[{"embeddable":true,"href":"https:\/\/arxiuregnemallorca.com\/es\/wp-json\/wp\/v2\/comments?post=1398"}],"version-history":[{"count":0,"href":"https:\/\/arxiuregnemallorca.com\/es\/wp-json\/wp\/v2\/pages\/1398\/revisions"}],"up":[{"embeddable":true,"href":"https:\/\/arxiuregnemallorca.com\/es\/wp-json\/wp\/v2\/pages\/1392"}],"wp:attachment":[{"href":"https:\/\/arxiuregnemallorca.com\/es\/wp-json\/wp\/v2\/media?parent=1398"}],"curies":[{"name":"wp","href":"https:\/\/api.w.org\/{rel}","templated":true}]}}

Bibliografía

<p>[et_pb_section fb_built=»1&#8243; disabled_on=»off|off|off» admin_label=»Header Section» _builder_version=»4.16&#8243; use_background_color_gradient=»on» background_color_gradient_stops=»rgba(20,61,88,0.65) 0%|#143d58 100%» background_color_gradient_overlays_image=»on» background_color_gradient_start=»rgba(20,61,88,0.65)» background_color_gradient_end=»#143d58&#8243; background_image=»https://arxiuregnemallorca.com/wordpress/wp-content/uploads/slide-01-7ce0f3d3b7.jpg» custom_margin=»|||» custom_padding=»6vw|0px|6vw|0px» bottom_divider_style=»mountains2&#8243; bottom_divider_color=»rgba(5,41,66,0.3)» bottom_divider_height=»20vw» animation_style=»slide» animation_direction=»top» animation_intensity_slide=»3%» animation_starting_opacity=»100%» global_colors_info=»{}»][et_pb_row disabled_on=»off|off|off» module_class=» et_pb_row_fullwidth» _builder_version=»4.16&#8243; width=»89%» width_tablet=»80%» width_last_edited=»on|desktop» max_width=»89%» max_width_tablet=»80%» max_width_last_edited=»on|desktop» custom_padding=»|||» make_fullwidth=»on» global_colors_info=»{}» width_phone=»80%» max_width_phone=»80%»][et_pb_column type=»4_4&#8243; _builder_version=»4.16&#8243; custom_padding=»|||» global_colors_info=»{}» custom_padding__hover=»|||»][et_pb_text disabled_on=»off|off|off» _builder_version=»4.16&#8243; text_font=»Montserrat||||||||» text_font_size=»22px» text_line_height=»1.8em» header_font=»Montserrat|600||on|||||» header_text_align=»center» header_font_size=»8vw» header_line_height=»1.5em» text_orientation=»center» background_layout=»dark» custom_margin=»|||» header_font_size_tablet=»50px» header_font_size_phone=»» header_font_size_last_edited=»on|desktop» header_line_height_tablet=»1.1em» header_line_height_phone=»1.2em» header_line_height_last_edited=»off|desktop» global_colors_info=»{}»]</p>
<h1>Fondos Documentales</h1>
<p>[/et_pb_text][/et_pb_column][/et_pb_row][/et_pb_section][et_pb_section fb_built=»1&#8243; admin_label=»CTA Section» _builder_version=»4.16&#8243; use_background_color_gradient=»on» background_color_gradient_direction=»90deg» background_color_gradient_stops=»rgba(242,246,249,0) 80%|#f2f6f9 80%» background_color_gradient_start=»rgba(242,246,249,0)» background_color_gradient_start_position=»80%» background_color_gradient_end=»#f2f6f9&#8243; background_color_gradient_end_position=»80%» custom_padding=»120px|0px|120px|0px» animation_style=»slide» animation_direction=»right» animation_intensity_slide=»1%» saved_tabs=»all» global_colors_info=»{}»][et_pb_row use_custom_gutter=»on» custom_padding_last_edited=»off|desktop» admin_label=»CTA Row» _builder_version=»4.16&#8243; background_color_gradient_direction=»90deg» width=»100%» max_width=»100%» module_alignment=»center» custom_padding=»|||» custom_padding_tablet=»120px|||» custom_padding_phone=»120px|0px|0px|0px» use_custom_width=»on» width_unit=»off» custom_width_percent=»100%» global_colors_info=»{}» column_structure=»1_2,1_2&#8243;][et_pb_column type=»1_2&#8243; _builder_version=»4.16&#8243; custom_padding=»|||10%» custom_padding_tablet=»|10%||10%» custom_padding_last_edited=»on|desktop» global_colors_info=»{}» padding_tablet=»|10%||10%» padding_last_edited=»on|desktop» custom_padding__hover=»|||» custom_padding_phone=»|10%||10%» padding_phone=»|10%||10%»][et_pb_text admin_label=»Title» _builder_version=»4.16&#8243; header_2_font=»Montserrat||||||||» header_2_font_size=»40px» header_2_line_height=»1.5em» custom_margin=»|||» custom_padding=»|||» header_2_font_size_tablet=»35px» header_2_font_size_phone=»» header_2_font_size_last_edited=»on|phone» header_2_line_height_tablet=»1em» header_2_line_height_phone=»1.4em» header_2_line_height_last_edited=»off|desktop» global_colors_info=»{}»]</p>
<h2>Bibliografía.</h2>
<p>[/et_pb_text][et_pb_text admin_label=»Paragraph» _builder_version=»4.16&#8243; text_font=»Montserrat||||||||» text_font_size=»16px» text_line_height=»2.2em» custom_margin=»|||» global_colors_info=»{}»]</p>
<p>En este apartado encontrará:</p>
<p>[/et_pb_text][et_pb_text admin_label=»Paragraph» _builder_version=»4.16&#8243; text_font=»Montserrat||||||||» text_font_size=»16px» text_line_height=»2.2em» custom_margin=»|||» global_colors_info=»{}»]</p>
<ul>
<li class="uk-text-justify"><a title="La bibliografía más destacada que se ha editado sobre los diferentes fondos documentales que custodia el ARM. Las publicaciones que ha editado  " href="https://arxiuregnemallorca.com/wordpress/wp-content/Documentos/bibliografia/bibliografia-ARM.pdf">La bibliografía más destacada que se ha editado sobre los distintos fondos documentales que custodia el ARM.</a></li>
</ul>
<p>[/et_pb_text][et_pb_text admin_label=»Paragraph» _builder_version=»4.16&#8243; text_font=»Montserrat||||||||» text_font_size=»16px» text_line_height=»2.2em» custom_margin=»|||» global_colors_info=»{}»]</p>
<ul>
<li class="uk-text-justify"><a href="https://arxiuregnemallorca.com/wordpress/wp-content/Documentos/bibliografia/bibliografia-publicada-per-l-ARM.pdf" target="_blank" rel="noopener noreferrer" title="Las publicaciones que ha editado el ARM">Las publicaciones que ha editado el ARM</a></li>
</ul>
<p>[/et_pb_text][et_pb_text admin_label=»Paragraph» _builder_version=»4.16&#8243; text_font=»Montserrat||||||||» text_font_size=»16px» text_line_height=»2.2em» custom_margin=»|||» global_colors_info=»{}»]</p>
<ul>
<li class="uk-text-justify"><a href="https://arxiuregnemallorca.com/wordpress/wp-content/Documentos/bibliografia/GUIA_ARXIU-WEB.pdf" target="_blank" rel="noopener noreferrer" title="Guía del Archivo del Reino de Mallorca">Guía del Archivo del Reino de Mallorca</a></li>
</ul>
<p>[/et_pb_text][/et_pb_column][et_pb_column type=»1_2&#8243; _builder_version=»4.16&#8243; custom_padding=»|||» global_colors_info=»{}» custom_padding__hover=»|||»][et_pb_image src=»https://arxiuregnemallorca.com/wordpress/wp-content/uploads/bibliografia.jpg» show_in_lightbox=»on» align=»right» align_tablet=»center» align_last_edited=»on|desktop» _builder_version=»4.16&#8243; box_shadow_style=»preset3&#8243; box_shadow_horizontal=»-40px» box_shadow_vertical=»40px» box_shadow_blur=»80px» box_shadow_spread=»-24px» global_colors_info=»{}» align_phone=»center»]<br />
[/et_pb_image][/et_pb_column][/et_pb_row][/et_pb_section]</p>

<p>Fondos Documentales Bibliografía.En este apartado encontrará: La bibliografía más destacada que se ha editado sobre los distintos fondos documentales que custodia el ARM. Las publicaciones que ha editado el ARM Guía del Archivo del Reino de Mallorca</p>
