{"id":1339,"date":"2018-06-15T13:01:15","date_gmt":"2018-06-15T11:01:15","guid":{"rendered":"http:\/\/arxiuregnemallorca.com\/?page_id=1339"},"modified":"2024-12-23T23:01:54","modified_gmt":"2024-12-23T22:01:54","slug":"introduccio","status":"publish","type":"page","link":"https:\/\/arxiuregnemallorca.com\/es\/inicio-2\/introduccio\/","title":{"rendered":"Introducci\u00f3n"},"content":{"rendered":"<p>[et_pb_section fb_built=\u00bb1&#8243; disabled_on=\u00bboff|off|off\u00bb admin_label=\u00bbHeader Section\u00bb _builder_version=\u00bb4.16&#8243; use_background_color_gradient=\u00bbon\u00bb background_color_gradient_stops=\u00bbrgba(20,61,88,0.65) 0%|#143d58 100%\u00bb background_color_gradient_overlays_image=\u00bbon\u00bb background_color_gradient_start=\u00bbrgba(20,61,88,0.65)\u00bb background_color_gradient_end=\u00bb#143d58&#8243; background_image=\u00bbhttps:\/\/arxiuregnemallorca.com\/wordpress\/wp-content\/uploads\/slide-01-7ce0f3d3b7.jpg\u00bb custom_margin=\u00bb|||\u00bb custom_padding=\u00bb6vw|0px|6vw|0px\u00bb bottom_divider_style=\u00bbmountains2&#8243; bottom_divider_color=\u00bbrgba(5,41,66,0.3)\u00bb bottom_divider_height=\u00bb20vw\u00bb animation_style=\u00bbslide\u00bb animation_direction=\u00bbtop\u00bb animation_intensity_slide=\u00bb3%\u00bb animation_starting_opacity=\u00bb100%\u00bb global_colors_info=\u00bb{}\u00bb][et_pb_row disabled_on=\u00bboff|off|off\u00bb module_class=\u00bb et_pb_row_fullwidth\u00bb _builder_version=\u00bb4.16&#8243; width=\u00bb89%\u00bb width_tablet=\u00bb80%\u00bb width_phone=\u00bb80%\u00bb width_last_edited=\u00bbon|desktop\u00bb max_width=\u00bb89%\u00bb max_width_tablet=\u00bb80%\u00bb max_width_phone=\u00bb80%\u00bb max_width_last_edited=\u00bbon|desktop\u00bb custom_padding=\u00bb|||\u00bb make_fullwidth=\u00bbon\u00bb global_colors_info=\u00bb{}\u00bb][et_pb_column type=\u00bb4_4&#8243; _builder_version=\u00bb4.16&#8243; custom_padding=\u00bb|||\u00bb global_colors_info=\u00bb{}\u00bb custom_padding__hover=\u00bb|||\u00bb][et_pb_text disabled_on=\u00bboff|off|off\u00bb _builder_version=\u00bb4.16&#8243; text_font=\u00bbMontserrat||||||||\u00bb text_font_size=\u00bb22px\u00bb text_line_height=\u00bb1.8em\u00bb header_font=\u00bbMontserrat|600||on|||||\u00bb header_text_align=\u00bbcenter\u00bb header_font_size=\u00bb8vw\u00bb header_line_height=\u00bb1.5em\u00bb text_orientation=\u00bbcenter\u00bb background_layout=\u00bbdark\u00bb custom_margin=\u00bb|||\u00bb header_font_size_tablet=\u00bb50px\u00bb header_font_size_phone=\u00bb\u00bb header_font_size_last_edited=\u00bbon|desktop\u00bb header_line_height_tablet=\u00bb1.1em\u00bb header_line_height_phone=\u00bb1.2em\u00bb header_line_height_last_edited=\u00bboff|desktop\u00bb global_colors_info=\u00bb{}\u00bb]<\/p>\n<h1>Introducci\u00f3N<\/h1>\n<p>[\/et_pb_text][\/et_pb_column][\/et_pb_row][\/et_pb_section][et_pb_section fb_built=\u00bb1&#8243; use_custom_gutter=\u00bbon\u00bb specialty=\u00bbon\u00bb custom_padding_last_edited=\u00bbon|phone\u00bb padding_top_1=\u00bb0px\u00bb padding_top_2=\u00bb0px\u00bb padding_right_2=\u00bb5%\u00bb padding_bottom_2=\u00bb0px\u00bb padding_1_tablet=\u00bb\u00bb padding_2_tablet=\u00bb0px|||10%\u00bb padding_1_phone=\u00bb\u00bb padding_2_phone=\u00bb|||\u00bb padding_1_last_edited=\u00bbon|phone\u00bb padding_2_last_edited=\u00bbon|phone\u00bb admin_label=\u00bbAbout Section\u00bb _builder_version=\u00bb4.16&#8243; use_background_color_gradient=\u00bbon\u00bb background_color_gradient_direction=\u00bb90deg\u00bb background_color_gradient_stops=\u00bb#f2f6f9 25%|rgba(242,246,249,0) 25%\u00bb background_color_gradient_start=\u00bb#f2f6f9&#8243; background_color_gradient_start_position=\u00bb25%\u00bb background_color_gradient_end=\u00bbrgba(242,246,249,0)\u00bb background_color_gradient_end_position=\u00bb25%\u00bb inner_width=\u00bb100%\u00bb inner_max_width=\u00bb100%\u00bb custom_margin=\u00bb|||\u00bb custom_margin_tablet=\u00bb80px|80px|80px|80px\u00bb custom_margin_phone=\u00bb\u00bb custom_margin_last_edited=\u00bbon|desktop\u00bb custom_padding=\u00bb120px|0px|120px|0px\u00bb custom_padding_tablet=\u00bb\u00bb custom_padding_phone=\u00bb\u00bb animation_style=\u00bbslide\u00bb animation_direction=\u00bbleft\u00bb animation_intensity_slide=\u00bb1%\u00bb use_custom_width=\u00bbon\u00bb width_unit=\u00bboff\u00bb custom_width_percent=\u00bb100%\u00bb locked=\u00bboff\u00bb global_colors_info=\u00bb{}\u00bb][et_pb_column type=\u00bb1_3&#8243; _builder_version=\u00bb4.16&#8243; custom_padding=\u00bb|||\u00bb global_colors_info=\u00bb{}\u00bb custom_padding__hover=\u00bb|||\u00bb][et_pb_image src=\u00bbhttps:\/\/arxiuregnemallorca.com\/wordpress\/wp-content\/uploads\/Jose_Maria_Quadradoweb.jpg\u00bb show_in_lightbox=\u00bbon\u00bb force_fullwidth=\u00bbon\u00bb align_tablet=\u00bbcenter\u00bb align_phone=\u00bbcenter\u00bb align_last_edited=\u00bbon|desktop\u00bb _builder_version=\u00bb4.16&#8243; custom_margin=\u00bb|||\u00bb custom_margin_tablet=\u00bb|60px||60px\u00bb custom_margin_phone=\u00bb100px|||\u00bb custom_margin_last_edited=\u00bbon|tablet\u00bb custom_padding=\u00bb|||\u00bb box_shadow_style=\u00bbpreset3&#8243; box_shadow_horizontal=\u00bb40px\u00bb box_shadow_vertical=\u00bb40px\u00bb box_shadow_blur=\u00bb80px\u00bb box_shadow_spread=\u00bb-24px\u00bb box_shadow_color=\u00bbrgba(67,96,124,0.5)\u00bb global_colors_info=\u00bb{}\u00bb]&nbsp;<br \/>\n[\/et_pb_image][\/et_pb_column][et_pb_column type=\u00bb2_3&#8243; specialty_columns=\u00bb2&#8243; _builder_version=\u00bb4.16&#8243; custom_padding=\u00bb|||\u00bb global_colors_info=\u00bb{}\u00bb custom_padding__hover=\u00bb|||\u00bb][et_pb_row_inner custom_padding_last_edited=\u00bboff|desktop\u00bb _builder_version=\u00bb4.16&#8243; max_width=\u00bb800px\u00bb custom_margin=\u00bb|||\u00bb custom_padding=\u00bb0|0px|48.17px|0px|false|false\u00bb custom_padding_phone=\u00bb|||\u00bb locked=\u00bboff\u00bb global_colors_info=\u00bb{}\u00bb][et_pb_column_inner saved_specialty_column_type=\u00bb2_3&#8243; _builder_version=\u00bb4.16&#8243; custom_padding=\u00bb|||\u00bb global_colors_info=\u00bb{}\u00bb custom_padding__hover=\u00bb|||\u00bb][et_pb_text admin_label=\u00bbTitle\u00bb _builder_version=\u00bb4.16&#8243; header_2_font=\u00bbMontserrat||||||||\u00bb header_2_font_size=\u00bb40px\u00bb header_2_line_height=\u00bb1.5em\u00bb custom_margin=\u00bb|||\u00bb custom_padding=\u00bb|||\u00bb header_2_font_size_tablet=\u00bb35px\u00bb header_2_font_size_phone=\u00bb\u00bb header_2_font_size_last_edited=\u00bbon|phone\u00bb header_2_line_height_tablet=\u00bb1em\u00bb header_2_line_height_phone=\u00bb1.4em\u00bb header_2_line_height_last_edited=\u00bboff|desktop\u00bb global_colors_info=\u00bb{}\u00bb]<\/p>\n<h2>Introducci\u00f3n.<\/h2>\n<p>[\/et_pb_text][et_pb_text admin_label=\u00bbParagraph\u00bb _builder_version=\u00bb4.27.2&#8243; text_font=\u00bbMontserrat||||||||\u00bb text_font_size=\u00bb16px\u00bb text_line_height=\u00bb2.2em\u00bb custom_margin=\u00bb|||\u00bb hover_enabled=\u00bb0&#8243; global_colors_info=\u00bb{}\u00bb sticky_enabled=\u00bb0&#8243;]<\/p>\n<h3>El Archivo del Reino de Mallorca<\/h3>\n<p>El Archivo del Reino de Mallorca naci\u00f3 oficialmente a ra\u00edz de la disposici\u00f3n del Ministerio de Comercio, Instrucci\u00f3n y Obras P\u00fablicas de 14 de enero de 1851, en la que se determinaba que \u00abel Archivo del antiguo reino de Mallorca se considerar\u00e1 en lo sucesivo como establecimiento p\u00fablico del Estado bajo la denominaci\u00f3n de Archivo Hist\u00f3rico de Baleares\u00bb. El Archivo quedaba as\u00ed integrado en el sistema estatal, y era el quinto centro con la categor\u00eda de hist\u00f3rico.<\/p>\n<p>Este hecho se debe a la figura del pol\u00edgrafo menorqu\u00edn Josep Maria Quadrado Nieto, quien consigui\u00f3 impedir la fragmentaci\u00f3n de los fondos archiv\u00edsticos -disputados entre la Diputaci\u00f3n Provincial de Baleares y el Ayuntamiento de Palma- y de asegurar su futuro, de modo que en mayo de 1850 escribi\u00f3 a Isabel II para solicitar un real nombramiento y la colocaci\u00f3n del Archivo bajo la tutela de el Estado.<\/p>\n<p>En la actualidad, la titularidad del Archivo del Reino de Mallorca corresponde al Estado. La gesti\u00f3n fue transferida a la Comunidad Aut\u00f3noma de las Islas Baleares por el Real Decreto 3040\/1983 de d\u00eda 5 de octubre (B.O.E. n\u00fam. 295 , de d\u00eda 10 de diciembre), y se rige por el convenio de gesti\u00f3n firmado por el Estado y la Consejer\u00eda de Educaci\u00f3n y Cultura del Gobierno Balear el d\u00eda 24 de septiembre de 1984 y publicado en el BOE el 18 de enero de 1985.<\/p>\n<p>[\/et_pb_text][\/et_pb_column_inner][\/et_pb_row_inner][\/et_pb_column][\/et_pb_section]<\/p>\n","protected":false},"excerpt":{"rendered":"<p>Introducci\u00f3N&nbsp; Introducci\u00f3n.El Archivo del Reino de Mallorca El Archivo del Reino de Mallorca naci\u00f3 oficialmente a ra\u00edz de la disposici\u00f3n del Ministerio de Comercio, Instrucci\u00f3n y Obras P\u00fablicas de 14 de enero de 1851, en la que se determinaba que \u00abel Archivo del antiguo reino de Mallorca se considerar\u00e1 en lo sucesivo como establecimiento p\u00fablicoLlegir m\u00e9s &#8230;<\/p>\n","protected":false},"author":1,"featured_media":0,"parent":1348,"menu_order":0,"comment_status":"closed","ping_status":"closed","template":"","meta":{"_et_pb_use_builder":"on","_et_pb_old_content":"","_et_gb_content_width":"","footnotes":""},"class_list":["post-1339","page","type-page","status-publish","hentry"],"_links":{"self":[{"href":"https:\/\/arxiuregnemallorca.com\/es\/wp-json\/wp\/v2\/pages\/1339","targetHints":{"allow":["GET"]}}],"collection":[{"href":"https:\/\/arxiuregnemallorca.com\/es\/wp-json\/wp\/v2\/pages"}],"about":[{"href":"https:\/\/arxiuregnemallorca.com\/es\/wp-json\/wp\/v2\/types\/page"}],"author":[{"embeddable":true,"href":"https:\/\/arxiuregnemallorca.com\/es\/wp-json\/wp\/v2\/users\/1"}],"replies":[{"embeddable":true,"href":"https:\/\/arxiuregnemallorca.com\/es\/wp-json\/wp\/v2\/comments?post=1339"}],"version-history":[{"count":0,"href":"https:\/\/arxiuregnemallorca.com\/es\/wp-json\/wp\/v2\/pages\/1339\/revisions"}],"up":[{"embeddable":true,"href":"https:\/\/arxiuregnemallorca.com\/es\/wp-json\/wp\/v2\/pages\/1348"}],"wp:attachment":[{"href":"https:\/\/arxiuregnemallorca.com\/es\/wp-json\/wp\/v2\/media?parent=1339"}],"curies":[{"name":"wp","href":"https:\/\/api.w.org\/{rel}","templated":true}]}}

Introducción

<p>[et_pb_section fb_built=»1&#8243; disabled_on=»off|off|off» admin_label=»Header Section» _builder_version=»4.16&#8243; use_background_color_gradient=»on» background_color_gradient_stops=»rgba(20,61,88,0.65) 0%|#143d58 100%» background_color_gradient_overlays_image=»on» background_color_gradient_start=»rgba(20,61,88,0.65)» background_color_gradient_end=»#143d58&#8243; background_image=»https://arxiuregnemallorca.com/wordpress/wp-content/uploads/slide-01-7ce0f3d3b7.jpg» custom_margin=»|||» custom_padding=»6vw|0px|6vw|0px» bottom_divider_style=»mountains2&#8243; bottom_divider_color=»rgba(5,41,66,0.3)» bottom_divider_height=»20vw» animation_style=»slide» animation_direction=»top» animation_intensity_slide=»3%» animation_starting_opacity=»100%» global_colors_info=»{}»][et_pb_row disabled_on=»off|off|off» module_class=» et_pb_row_fullwidth» _builder_version=»4.16&#8243; width=»89%» width_tablet=»80%» width_phone=»80%» width_last_edited=»on|desktop» max_width=»89%» max_width_tablet=»80%» max_width_phone=»80%» max_width_last_edited=»on|desktop» custom_padding=»|||» make_fullwidth=»on» global_colors_info=»{}»][et_pb_column type=»4_4&#8243; _builder_version=»4.16&#8243; custom_padding=»|||» global_colors_info=»{}» custom_padding__hover=»|||»][et_pb_text disabled_on=»off|off|off» _builder_version=»4.16&#8243; text_font=»Montserrat||||||||» text_font_size=»22px» text_line_height=»1.8em» header_font=»Montserrat|600||on|||||» header_text_align=»center» header_font_size=»8vw» header_line_height=»1.5em» text_orientation=»center» background_layout=»dark» custom_margin=»|||» header_font_size_tablet=»50px» header_font_size_phone=»» header_font_size_last_edited=»on|desktop» header_line_height_tablet=»1.1em» header_line_height_phone=»1.2em» header_line_height_last_edited=»off|desktop» global_colors_info=»{}»]</p>
<h1>IntroduccióN</h1>
<p>[/et_pb_text][/et_pb_column][/et_pb_row][/et_pb_section][et_pb_section fb_built=»1&#8243; use_custom_gutter=»on» specialty=»on» custom_padding_last_edited=»on|phone» padding_top_1=»0px» padding_top_2=»0px» padding_right_2=»5%» padding_bottom_2=»0px» padding_1_tablet=»» padding_2_tablet=»0px|||10%» padding_1_phone=»» padding_2_phone=»|||» padding_1_last_edited=»on|phone» padding_2_last_edited=»on|phone» admin_label=»About Section» _builder_version=»4.16&#8243; use_background_color_gradient=»on» background_color_gradient_direction=»90deg» background_color_gradient_stops=»#f2f6f9 25%|rgba(242,246,249,0) 25%» background_color_gradient_start=»#f2f6f9&#8243; background_color_gradient_start_position=»25%» background_color_gradient_end=»rgba(242,246,249,0)» background_color_gradient_end_position=»25%» inner_width=»100%» inner_max_width=»100%» custom_margin=»|||» custom_margin_tablet=»80px|80px|80px|80px» custom_margin_phone=»» custom_margin_last_edited=»on|desktop» custom_padding=»120px|0px|120px|0px» custom_padding_tablet=»» custom_padding_phone=»» animation_style=»slide» animation_direction=»left» animation_intensity_slide=»1%» use_custom_width=»on» width_unit=»off» custom_width_percent=»100%» locked=»off» global_colors_info=»{}»][et_pb_column type=»1_3&#8243; _builder_version=»4.16&#8243; custom_padding=»|||» global_colors_info=»{}» custom_padding__hover=»|||»][et_pb_image src=»https://arxiuregnemallorca.com/wordpress/wp-content/uploads/Jose_Maria_Quadradoweb.jpg» show_in_lightbox=»on» force_fullwidth=»on» align_tablet=»center» align_phone=»center» align_last_edited=»on|desktop» _builder_version=»4.16&#8243; custom_margin=»|||» custom_margin_tablet=»|60px||60px» custom_margin_phone=»100px|||» custom_margin_last_edited=»on|tablet» custom_padding=»|||» box_shadow_style=»preset3&#8243; box_shadow_horizontal=»40px» box_shadow_vertical=»40px» box_shadow_blur=»80px» box_shadow_spread=»-24px» box_shadow_color=»rgba(67,96,124,0.5)» global_colors_info=»{}»]&nbsp;<br />
[/et_pb_image][/et_pb_column][et_pb_column type=»2_3&#8243; specialty_columns=»2&#8243; _builder_version=»4.16&#8243; custom_padding=»|||» global_colors_info=»{}» custom_padding__hover=»|||»][et_pb_row_inner custom_padding_last_edited=»off|desktop» _builder_version=»4.16&#8243; max_width=»800px» custom_margin=»|||» custom_padding=»0|0px|48.17px|0px|false|false» custom_padding_phone=»|||» locked=»off» global_colors_info=»{}»][et_pb_column_inner saved_specialty_column_type=»2_3&#8243; _builder_version=»4.16&#8243; custom_padding=»|||» global_colors_info=»{}» custom_padding__hover=»|||»][et_pb_text admin_label=»Title» _builder_version=»4.16&#8243; header_2_font=»Montserrat||||||||» header_2_font_size=»40px» header_2_line_height=»1.5em» custom_margin=»|||» custom_padding=»|||» header_2_font_size_tablet=»35px» header_2_font_size_phone=»» header_2_font_size_last_edited=»on|phone» header_2_line_height_tablet=»1em» header_2_line_height_phone=»1.4em» header_2_line_height_last_edited=»off|desktop» global_colors_info=»{}»]</p>
<h2>Introducción.</h2>
<p>[/et_pb_text][et_pb_text admin_label=»Paragraph» _builder_version=»4.27.2&#8243; text_font=»Montserrat||||||||» text_font_size=»16px» text_line_height=»2.2em» custom_margin=»|||» hover_enabled=»0&#8243; global_colors_info=»{}» sticky_enabled=»0&#8243;]</p>
<h3>El Archivo del Reino de Mallorca</h3>
<p>El Archivo del Reino de Mallorca nació oficialmente a raíz de la disposición del Ministerio de Comercio, Instrucción y Obras Públicas de 14 de enero de 1851, en la que se determinaba que «el Archivo del antiguo reino de Mallorca se considerará en lo sucesivo como establecimiento público del Estado bajo la denominación de Archivo Histórico de Baleares». El Archivo quedaba así integrado en el sistema estatal, y era el quinto centro con la categoría de histórico.</p>
<p>Este hecho se debe a la figura del polígrafo menorquín Josep Maria Quadrado Nieto, quien consiguió impedir la fragmentación de los fondos archivísticos -disputados entre la Diputación Provincial de Baleares y el Ayuntamiento de Palma- y de asegurar su futuro, de modo que en mayo de 1850 escribió a Isabel II para solicitar un real nombramiento y la colocación del Archivo bajo la tutela de el Estado.</p>
<p>En la actualidad, la titularidad del Archivo del Reino de Mallorca corresponde al Estado. La gestión fue transferida a la Comunidad Autónoma de las Islas Baleares por el Real Decreto 3040/1983 de día 5 de octubre (B.O.E. núm. 295 , de día 10 de diciembre), y se rige por el convenio de gestión firmado por el Estado y la Consejería de Educación y Cultura del Gobierno Balear el día 24 de septiembre de 1984 y publicado en el BOE el 18 de enero de 1985.</p>
<p>[/et_pb_text][/et_pb_column_inner][/et_pb_row_inner][/et_pb_column][/et_pb_section]</p>

<p>IntroduccióN&nbsp; Introducción.El Archivo del Reino de Mallorca El Archivo del Reino de Mallorca nació oficialmente a raíz de la disposición del Ministerio de Comercio, Instrucción y Obras Públicas de 14 de enero de 1851, en la que se determinaba que «el Archivo del antiguo reino de Mallorca se considerará en lo sucesivo como establecimiento públicoLlegir més &#8230;</p>
